3 divide 107893?
True
Is 468693 a multiple of 587?
False
Is 178550 a multiple of 10?
True
Is 15 a factor of 131790?
True
Does 88 divide 197296?
True
Is 17 a factor of 30991229?
False
Does 140 divide 247146?
False
Is 233 a factor of 124883?
False
Does 327 divide 316536?
True
Is 71 a factor of 26846?
False
Is 219314 a multiple of 106?
True
Is 175 a factor of 646197?
False
Is 57 a factor of 5078700?
True
Does 7 divide 29137?
False
Is 46650 a multiple of 76?
False
Is 348377 a multiple of 601?
False
Is 348705 a multiple of 45?
True
Is 38 a factor of 65495?
False
Is 41 a factor of 67633?
False
Is 650750 a multiple of 190?
True
Is 714560 a multiple of 385?
True
Is 118752 a multiple of 28?
False
Is 9 a factor of 144171?
True
Is 1005364 a multiple of 189?
False
Is 423663 a multiple of 41?
False
Is 33 a factor of 69654?
False
Is 36 a factor of 599508?
True
Is 217236 a multiple of 36?
False
Does 4 divide 25564?
True
Is 3 a factor of 264359?
False
Is 17458136 a multiple of 240?
False
Is 237672 a multiple of 8?
True
Is 185 a factor of 1060649?
False
Is 66 a factor of 109404?
False
Is 31 a factor of 3145885?
False
Is 39240 a multiple of 5?
True
Does 43 divide 3282367?
False
Is 205671 a multiple of 16?
False
Does 8 divide 8834968?
True
Does 463 divide 5075406?
True
Is 541899 a multiple of 19?
True
Is 135563 a multiple of 335?
False
Is 23 a factor of 222755?
True
Is 15 a factor of 14596020?
True
Does 1693 divide 7337462?
True
Is 45455 a multiple of 4?
False
Does 5 divide 3045384?
False
Is 98 a factor of 396900?
True
Is 3481176 a multiple of 24?
True
Is 83 a factor of 288923?
True
Is 8434 a multiple of 5?
False
Is 937611 a multiple of 123?
False
Is 39846 a multiple of 174?
True
Is 686774 a multiple of 209?
True
Does 197 divide 312639?
True
Is 7 a factor of 466761?
False
Is 4042989 a multiple of 43?
True
Is 267 a factor of 394686?
False
Is 1467246 a multiple of 282?
True
Is 117601 a multiple of 115?
False
Does 23 divide 1520323?
True
Does 2 divide 75772?
True
Is 444443 a multiple of 374?
False
Does 10 divide 65200?
True
Is 192 a factor of 4024?
False
Is 40203 a multiple of 3?
True
Is 171878 a multiple of 30?
False
Is 545752 a multiple of 111?
False
Is 14728065 a multiple of 55?
True
Does 28 divide 238056?
True
Is 1362986 a multiple of 763?
False
Is 913702 a multiple of 17?
False
Does 148 divide 1729528?
True
Is 636846 a multiple of 21?
True
Is 43 a factor of 34302?
False
Is 1602432 a multiple of 576?
True
Is 12054175 a multiple of 26?
False
Does 164 divide 1931926?
False
Is 851004 a multiple of 9?
True
Is 128 a factor of 171008?
True
Is 771064 a multiple of 14?
True
Is 498543 a multiple of 3?
True
Is 7 a factor of 961053?
False
Does 54 divide 119740?
False
Does 38 divide 23148?
False
Is 129096 a multiple of 1048?
False
Does 44 divide 715611?
False
Is 9 a factor of 3861249?
False
Is 5244266 a multiple of 127?
False
Is 129 a factor of 33132?
False
Is 4291 a multiple of 7?
True
Is 7 a factor of 133699?
False
Is 1320407 a multiple of 10?
False
Does 301 divide 168560?
True
Is 479967 a multiple of 102?
False
Does 10 divide 76860?
True
Is 416809 a multiple of 20?
False
Does 48 divide 759992?
False
Is 76204 a multiple of 70?
False
Is 4665786 a multiple of 149?
True
Is 51333 a multiple of 3?
True
Is 11 a factor of 2969844?
False
Is 73 a factor of 3086330?
False
Is 19 a factor of 7062129?
True
Does 36 divide 4741488?
True
Is 1130288 a multiple of 162?
False
Is 60 a factor of 447180?
True
Does 3 divide 136689?
True
Is 8640325 a multiple of 5?
True
Is 222 a factor of 2416470?
True
Is 4005154 a multiple of 570?
False
Does 52 divide 3016713?
False
Is 888138 a multiple of 390?
False
Is 7 a factor of 3423?
True
Is 73 a factor of 785407?
True
Does 6 divide 809706?
True
Is 2596980 a multiple of 543?
False
Is 5 a factor of 706110?
True
Is 43 a factor of 73968?
False
Is 272 a factor of 412529?
False
Does 151 divide 2329941?
False
Is 1890330 a multiple of 195?
True
Does 480 divide 1090192?
False
Does 10 divide 918020?
True
Is 8 a factor of 247866?
False
Is 4689332 a multiple of 117?
False
Does 623 divide 245462?
True
Does 48 divide 166737?
False
Is 68 a factor of 33576?
False
Is 1516938 a multiple of 87?
False
Is 419318 a multiple of 25?
False
Is 52 a factor of 577616?
True
Is 6 a factor of 2478329?
False
Is 35563 a multiple of 28?
False
Is 14 a factor of 250042?
False
Is 7 a factor of 302182?
False
Does 721 divide 1179105?
False
Is 505 a factor of 130726?
False
Is 6 a factor of 140781?
False
Is 263129 a multiple of 14?
False
Does 6 divide 260638?
False
Is 1145 a multiple of 2?
False
Is 13 a factor of 197574?
True
Is 747648 a multiple of 4?
True
Is 12 a factor of 4387176?
True
Is 36 a factor of 276624?
True
Does 135 divide 1415745?
True
Is 2468051 a multiple of 53?
True
Does 245 divide 62488?
False
Does 276 divide 18768?
True
Is 82236 a multiple of 11?
True
Does 19 divide 923299?
False
Is 979839 a multiple of 21?
True
Does 127 divide 5219573?
True
Is 57 a factor of 369696?
False
Is 56 a factor of 385608?
False
Is 643765 a multiple of 4?
False
Is 3875094 a multiple of 18?
True
Does 15 divide 462270?
True
Is 622573 a multiple of 217?
True
Is 94 a factor of 57581?
False
Does 66 divide 328680?
True
Does 81 divide 27739?
False
Is 12661984 a multiple of 14?
False
Is 283 a factor of 12278926?
False
Does 4 divide 22088?
True
Is 299288 a multiple of 8?
True
Is 1093584 a multiple of 24?
True
Is 88 a factor of 84767?
False
Is 12 a factor of 367347?
False
Is 519623 a multiple of 63?
False
Is 17454 even?
True
Is 966 a multiple of 23?
True
Is 7355531 a multiple of 779?
False
Is 367598 a multiple of 14?
True
Is 904940 a multiple of 5?
True
Does 22 divide 121314?
False
Is 23319 a multiple of 16?
False
Does 4 divide 1191656?
True
Is 856 a factor of 8479536?
True
Is 745150 a multiple of 127?
False
Does 4 divide 55792?
True
Is 21 a factor of 7951946?
False
Is 12 a factor of 639924?
True
Is 14 a factor of 247020?
False
Is 799794 a multiple of 152?
False
Is 486277 a multiple of 11?
True
Does 13 divide 165266?
False
Does 19 divide 22701?
False
Does 13 divide 156234?
True
Is 31 a factor of 2278399?
False
Does 16 divide 422201?
False
Does 16 divide 33712?
True
Is 12 a factor of 10661696?
False
Is 420723 a multiple of 3?
True
Does 7 divide 4187260?
True
Is 19557052 a multiple of 35?
False
Is 6460077 a multiple of 57?
False
Is 4416602 a multiple of 82?
True
Is 165 a factor of 4525?
False
Is 23821 a multiple of 7?
True
Is 4 a factor of 33168?
True
Does 38 divide 99750?
True
Does 49 divide 5369816?
False
Is 768 a factor of 185856?
True
Is 91859 a multiple of 73?
False
Does 23 divide 43056?
True
Does 7 divide 326844?
True
Is 563220 a multiple of 28?
True
Does 521 divide 4014305?
True
Does 38 divide 11071?
False
Is 388 a factor of 1131020?
True
Is 274002 a multiple of 30?
False
Does 4 divide 1641389?
False
Is 120164 a multiple of 44?
True
Is 1930212 a multiple of 36?
True
Is 2042186 a multiple of 154?
False
Does 53 divide 1466421?
False
Is 4853600 a multiple of 800?
True
Is 6120 a multiple of 85?
True
Does 515 divide 3826450?
True
Is 94 a factor of 458344?
True
Does 806 divide 1589432?
True
Is 95795 a multiple of 19?
False
Is 18 a factor of 99414?
True
Does 1055 divide 5131520?
True
Is 292 a factor of 121180?
True
Does 2 divide 238159?
False
Does 6 divide 9858?
True
Is 495580 a multiple of 61?
False
Is 5 a factor of 93107?
False
Is 4 a factor of 1396712?
True
Does 125 divide 1870875?
True
Does 932 divide 7346685?
False
Is 11854 even?
True
Does 618 divide 883122?
True
Is 523263 a multiple of 39?
True
Does 442 divide 160888?
True
Does 13 divide 543077?
False
Is 73 a factor of 3217840?
True
Is 5739653 a multiple of 90?
False
Is 167461 a multiple of 47?
True
Is 2233530 a multiple of 390?
True
Is 477571 a multiple of 3?
False
Is 9 a factor of 2269449?
True
Is 19516 a multiple of 41?
True
Does 83 divide 2293290?
True
Does 142 divide 83112?
False
Does 249 divide 201293?
False
Does 972 divide 1924560?
True
Is 11 a factor of 2546687?
True
Is 8 a factor of 317492?
False
Is 198 a factor of 109731?
False
Does 329 divide 302351?
True
Is 127424 even?
True
Is 5030 a multiple of 15?
False
Is 449820 a multiple of 756?
True
Does 311 divide 1124366?
False
Is 4 a factor of 1423556?
True
Is 2297291 a multiple of 66?
False
Is 5